te number?
True
Is 1699660537 a prime number?
True
Is 2118382921 composite?
False
Is 8940713539 composite?
False
Is 73381949 a composite number?
False
Is 694128973 a prime number?
True
Is 426965873 a composite number?
False
Is 14980231613 a composite number?
False
Is 425579773 composite?
False
Is 107827949 a composite number?
False
Is 3089477297 a prime number?
True
Is 895524457 a composite number?
False
Is 10022636951 composite?
False
Is 100702731119 a prime number?
True
Is 961689241 a prime number?
True
Is 365930974241 composite?
True
Is 23061142807 a composite number?
True
Is 8936332993 prime?
False
Is 736606051 a composite number?
True
Is 410169791 a prime number?
False
Is 15807595729 a prime number?
False
Is 1611197443 a prime number?
True
Is 6208356431 a composite number?
False
Is 4390224817 a prime number?
False
Is 1295303651 prime?
True
Is 47818571849 a prime number?
True
Is 19725851654 composite?
True
Is 1501313069 composite?
False
Is 55628726981 a prime number?
True
Is 196394977 composite?
False
Is 315998857 a composite number?
True
Is 66934921711 a composite number?
True
Is 78848201021 a prime number?
False
Is 12847735921 composite?
True
Is 1003601087 a composite number?
True
Is 7096549501 composite?
True
Is 231333863 prime?
False
Is 316215241 composite?
True
Is 8260549487 prime?
True
Is 23559729619 composite?
False
Is 121440571081 prime?
False
Is 240107599 composite?
False
Is 1182232393 a composite number?
True
Is 975806823 prime?
False
Is 2134031453 prime?
True
Is 982959301 a composite number?
True
Is 36768212449 a prime number?
True
Is 102536417 prime?
False
Is 11257393673 a composite number?
True
Is 2602856857 a composite number?
True
Is 4214002049 composite?
False
Is 283052039 prime?
False
Is 5253008221 prime?
True
Is 551425729 a prime number?
True
Is 3783867863 a prime number?
False
Is 139326119 composite?
True
Is 10577113651 composite?
True
Is 6644353951 prime?
False
Is 94815113 composite?
True
Is 2236408663 prime?
True
Is 46641227 prime?
True
Is 14379360187 composite?
True
Is 852947813 a prime number?
True
Is 6099889157 a prime number?
True
Is 809224931 a prime number?
False
Is 143071125055 prime?
False
Is 184589663 a prime number?
False
Is 588316849 a prime number?
True
Is 69802037 prime?
True
Is 3721271737 a prime number?
True
Is 2288498287 prime?
True
Is 3968910739 a prime number?
False
Is 3473610143 a prime number?
False
Is 23584647719 prime?
False
Is 9504219063 composite?
True
Is 320003753 a prime number?
True
Is 92646259489 a prime number?
False
Is 4134531329 a prime number?
False
Is 1643955595 prime?
False
Is 7528834087 composite?
False
Is 2801816351 prime?
True
Is 22334986511 a prime number?
True
Is 15535546431 composite?
True
Is 4630805435 a prime number?
False
Is 3284186527 a composite number?
False
Is 1071547523 prime?
True
Is 39482064823 a composite number?
False
Is 983017615 prime?
False
Is 6931897481 composite?
True
Is 1409308103 a prime number?
False
Is 2401208218 a prime number?
False
Is 3070885489 a prime number?
False
Is 72457932373 prime?
False
Is 3358330973 prime?
True
Is 1925746811 prime?
False
Is 252250507 a composite number?
False
Is 19734554201 a composite number?
True
Is 23014705739 a composite number?
False
Is 18128895119 a prime number?
True
Is 8436612383 prime?
True
Is 63508612147 composite?
True
Is 6736990241 a prime number?
False
Is 4957311019 a composite number?
False
Is 171529199 a prime number?
False
Is 3419874811 prime?
True
Is 3901942129 composite?
True
Is 1699283717 a prime number?
False
Is 25528301 composite?
False
Is 17840255963 a prime number?
True
Is 1299631747 a composite number?
True
Is 378722633 a composite number?
False
Is 21352384891 composite?
True
Is 1852676435 prime?
False
Is 6982248187 prime?
False
Is 44208432157 composite?
True
Is 1034008529 a prime number?
False
Is 1141385737 a composite number?
True
Is 18459116789 composite?
False
Is 29292689451 a composite number?
True
Is 34909982067 prime?
False
Is 4013706191 a prime number?
False
Is 6049826947 a composite number?
True
Is 4338137477 a prime number?
True
Is 5358013211 composite?
False
Is 687835969 prime?
True
Is 2204590891 a composite number?
False
Is 27062389 a composite number?
True
Is 1408579009 a composite number?
False
Is 346830265453 composite?
True
Is 935947973 composite?
True
Is 51621333499 a composite number?
True
Is 11239936303 prime?
False
Is 41029462829 prime?
False
Is 7206313 a prime number?
True
Is 9869627591 a prime number?
True
Is 8680834991 a composite number?
False
Is 28473081983 a prime number?
True
Is 45963114245 a prime number?
False
Is 507432227 prime?
False
Is 8345250601 composite?
False
Is 97097379397 composite?
False
Is 14917812583 prime?
False
Is 9623822827 a prime number?
True
Is 56425569457 a composite number?
True
Is 722647819 a prime number?
False
Is 9771918539 a composite number?
True
Is 63143854733 a prime number?
True
Is 11703792689 composite?
False
Is 470988229 a composite number?
False
Is 10642224797 prime?
True
Is 4691720401 a composite number?
True
Is 10817646061 a composite number?
False
Is 1703858259 composite?
True
Is 309074729 a prime number?
False
Is 2042674883 a prime number?
True
Is 2151201989 a prime number?
True
Is 46927033129 a composite number?
False
Is 14293626083 prime?
False
Is 42158705345 a composite number?
True
Is 97535263 prime?
False
Is 201812747 a prime number?
False
Is 24574764547 prime?
False
Is 4241897447 a composite number?
True
Is 387031403 prime?
False
Is 1841055133 prime?
False
Is 5559884789 prime?
True
Is 1186799037 prime?
False
Is 48800810189 a prime number?
True
Is 66816218947 a prime number?
True
Is 25726582045 a prime number?
False
Is 1844497723 prime?
False
Is 449460159 prime?
False
Is 289127140337 a composite number?
True
Is 5653577 a prime number?
True
Is 116976856055 a prime number?
False
Is 2962322543 a composite number?
True
Is 50124744793 prime?
True
Is 277467790969 prime?
False
Is 216279548911 composite?
True
Is 6294239453 a prime number?
True
Is 2503473799 composite?
False
Is 49189954871 composite?
True
Is 32990128382 a composite number?
True
Is 101663549255 a composite number?
True
Is 16786499095 composite?
True
Is 4124529247 prime?
True
Is 103661706497 composite?
True
Is 5658905477 composite?
False
Is 9522726403 prime?
True
Is 1152373007 a prime number?
True
Is 488052309 a prime number?
False
Is 1248055135 prime?
False
Is 187492831 prime?
True
Is 5798218 composite?
True
Is 318411571 composite?
True
Is 13819393837 composite?
False
Is 2415735911 prime?
True
Is 1104004511 a composite number?
True
Is 56398469599 a composite number?
True
Is 28168843891 prime?
False
Is 423866249 prime?
True
Is 2346061231 a prime number?
False
Is 9278273377 a prime number?
False
Is 20809483993 a composite number?
False
Is 1561194043 composite?
False
Is 1450029067 prime?
False
Is 53939807 a prime number?
False
Is 1355180569 composite?
True
Is 41619175313 prime?
True
Is 74748446681 a prime number?
True
Is 7314989818 prime?
False
Is 46781583 a composite number?
True
Is 43238897539 a composite number?
False
Is 2951369467 composite?
False
Is 35175998471 a prime number?
True
Is 88691765893 composite?
False
Is 11487883457 a prime number?
False
Is 640276757 a prime number?
False
Is 148239929 a prime number?
False
Is 22539770329 a composite number?
False
Is 27119603603 a composite number?
False
Is 22393096085 prime?
False
Is 621985031 a prime number?
True
Is 17597691245 prime?
False
Is 217526209 prime?
True
Is 432268393 a composite number?
False
Is 2233752013 prime?
True
Is 5374193173 composite?
True
Is 28228952753 composite?
True
Is 1617644471 a composite number?
True
Is 13556530499 a composite number?
False
Is 2882187401 composite?
False
Is 160440121 composite?
True
Is 3563415287 composite?
True
Is 12093011195 prime?
False
Is 2040095789 composite?
True
Is 21785363363 a prime number?
True
Is 629851823 a prime number?
True
Is 8072110407 prime?
False
Is 613196723 a prime number?
False
Is 635419049 a prime number?
False
Is 105796464203 prime?
True
Is 6149470711 composite?
False
Is 2160265753 a composite number?
True
Is 7357165177 a composite number?
False
Is 93263117999 a composite number?
False
Is 353865947 prime?
True
Is 3499744207 prime?
False
Is 3074897726 prime?
False
